{"id":9009,"date":"2025-02-27T15:12:26","date_gmt":"2025-02-27T15:12:26","guid":{"rendered":"https:\/\/www.zucchelliforni.it\/Products\/modular-6t-40x60\/"},"modified":"2025-04-24T08:29:47","modified_gmt":"2025-04-24T08:29:47","slug":"modular-6t-40x60","status":"publish","type":"product","link":"https:\/\/www.zucchelliforni.it\/fr\/Products\/modular-6t-40x60\/","title":{"rendered":"Modulaire 6T 40&#215;60\/46&#215;66"},"content":{"rendered":"\t\t<div data-elementor-type=\"product-post\" data-elementor-id=\"9009\" class=\"elementor elementor-9009 elementor-2748\" data-elementor-post-type=\"product\">\n\t\t\t\t<div class=\"elementor-element elementor-element-61200c38 e-flex e-con-boxed e-con e-parent\" data-id=\"61200c38\" data-element_type=\"container\">\n\t\t\t\t\t<div class=\"e-con-inner\">\n\t\t<div class=\"elementor-element elementor-element-da54638 e-con-full e-flex e-con e-child\" data-id=\"da54638\" data-element_type=\"container\">\n\t\t\t\t<div class=\"elementor-element elementor-element-556cef91 elementor-widget elementor-widget-text-editor\" data-id=\"556cef91\" data-element_type=\"widget\" data-widget_type=\"text-editor.default\">\n\t\t\t\t<div class=\"elementor-widget-container\">\n\t\t\t\t\t\t\t\t\t<p><strong>FOUR MODULAIRE STATIQUE \u00c0 SOLES<\/strong><\/p><ul><li>pour plaques 40&#215;60 ou 46&#215;66<\/li><li>aliment\u00e9 \u00e9lectriquement<\/li><li>capacit\u00e9 : 6 plaques dispos\u00e9es l\u2019une \u00e0 c\u00f4t\u00e9 de l\u2019autre dans la chambre<\/li><\/ul><p class=\"p1\"><strong>COMPOSABLE :<\/strong><\/p><p><strong>La caract\u00e9ristique principale des fours modulaires est la possibilit\u00e9 de reconfigurer leur structure en fonction des besoins.<br \/><\/strong><br \/>\u00c0\u00a0ce propos, il est possible de composer le four comme ci-dessous:<\/p><ul><li class=\"li1\"><b><\/b>Nombre\u00a0<strong>d\u2019\u00e9tages install\u00e9s (de 1 \u00e0 4)<\/strong><\/li><li class=\"li1\"><b><\/b><strong>Hauteur utile<\/strong>\u00a0de l\u2019\u00e9tage (18 ou 23 cm)<\/li><li class=\"li1\">Une<strong>\u00a0\u00e9tuve de fermentation<\/strong>\u00a0ou un\u00a0<strong>support porte-plaques<\/strong><\/li><li>Une\u00a0<strong>hotte aspirante\u00a0<\/strong>ou<strong>\u00a0non aspirante<\/strong><\/li><li class=\"li1\"><b><\/b>Un\u00a0<strong>appareil \u00e0 bu\u00e9e<\/strong>\u00a0pour un ou plusieurs \u00e9tages<\/li><\/ul>\t\t\t\t\t\t\t\t<\/div>\n\t\t\t\t<\/div>\n\t\t\t\t<\/div>\n\t\t\t\t\t<\/div>\n\t\t\t\t<\/div>\n\t\t\t\t<\/div>\n\t\t","protected":false},"excerpt":{"rendered":"<p>FOUR MODULAIRE STATIQUE \u00c0 SOLES pour plaques 40&#215;60 ou 46&#215;66 aliment\u00e9 \u00e9lectriquement capacit\u00e9 : 6 plaques dispos\u00e9es l\u2019une \u00e0 c\u00f4t\u00e9 de l\u2019autre dans la chambre COMPOSABLE : La caract\u00e9ristique principale des fours modulaires est la possibilit\u00e9 de reconfigurer leur structure en fonction des besoins.\u00c0\u00a0ce propos, il est possible de composer le four comme ci-dessous: Nombre\u00a0d\u2019\u00e9tages&#8230;<\/p>\n","protected":false},"featured_media":14369,"comment_status":"closed","ping_status":"closed","template":"","meta":{"_bst_post_transparent":"default","_bst_post_title":"","_bst_post_layout":"default","_bst_post_sidebar_id":"","_bst_post_content_style":"default","_bst_post_vertical_padding":"default","_bst_post_feature":"","_bst_post_feature_position":"","_bst_post_header":false,"_bst_post_footer":false},"product_brand":[],"product_cat":[369,385],"product_tag":[],"product_brands":[],"class_list":{"0":"post-9009","1":"product","2":"type-product","3":"status-publish","4":"has-post-thumbnail","6":"product_cat-fours-modulaires","7":"product_cat-modular-6t-fr","8":"pa_alimentazione-energia-elettrica-fr","9":"pa_misura-teglie-46-x-66-cm-fr","10":"pa_misura-teglie-40x60-cm-fr","12":"first","13":"instock","14":"shipping-taxable","15":"purchasable","16":"product-type-simple","17":"entry","18":"content-bg","19":"loop-entry"},"_links":{"self":[{"href":"https:\/\/www.zucchelliforni.it\/fr\/wp-json\/wp\/v2\/product\/9009","targetHints":{"allow":["GET"]}}],"collection":[{"href":"https:\/\/www.zucchelliforni.it\/fr\/wp-json\/wp\/v2\/product"}],"about":[{"href":"https:\/\/www.zucchelliforni.it\/fr\/wp-json\/wp\/v2\/types\/product"}],"replies":[{"embeddable":true,"href":"https:\/\/www.zucchelliforni.it\/fr\/wp-json\/wp\/v2\/comments?post=9009"}],"version-history":[{"count":12,"href":"https:\/\/www.zucchelliforni.it\/fr\/wp-json\/wp\/v2\/product\/9009\/revisions"}],"predecessor-version":[{"id":10607,"href":"https:\/\/www.zucchelliforni.it\/fr\/wp-json\/wp\/v2\/product\/9009\/revisions\/10607"}],"wp:featuredmedia":[{"embeddable":true,"href":"https:\/\/www.zucchelliforni.it\/fr\/wp-json\/wp\/v2\/media\/14369"}],"wp:attachment":[{"href":"https:\/\/www.zucchelliforni.it\/fr\/wp-json\/wp\/v2\/media?parent=9009"}],"wp:term":[{"taxonomy":"product_brand","embeddable":true,"href":"https:\/\/www.zucchelliforni.it\/fr\/wp-json\/wp\/v2\/product_brand?post=9009"},{"taxonomy":"product_cat","embeddable":true,"href":"https:\/\/www.zucchelliforni.it\/fr\/wp-json\/wp\/v2\/product_cat?post=9009"},{"taxonomy":"product_tag","embeddable":true,"href":"https:\/\/www.zucchelliforni.it\/fr\/wp-json\/wp\/v2\/product_tag?post=9009"},{"taxonomy":"product_brands","embeddable":true,"href":"https:\/\/www.zucchelliforni.it\/fr\/wp-json\/wp\/v2\/product_brands?post=9009"}],"curies":[{"name":"wp","href":"https:\/\/api.w.org\/{rel}","templated":true}]}}

<div data-elementor-type="product-post" data-elementor-id="9009" class="elementor elementor-9009 elementor-2748" data-elementor-post-type="product">
				<div class="elementor-element elementor-element-61200c38 e-flex e-con-boxed e-con e-parent" data-id="61200c38" data-element_type="container">
					<div class="e-con-inner">
		<div class="elementor-element elementor-element-da54638 e-con-full e-flex e-con e-child" data-id="da54638" data-element_type="container">
				<div class="elementor-element elementor-element-556cef91 elementor-widget elementor-widget-text-editor" data-id="556cef91" data-element_type="widget" data-widget_type="text-editor.default">
				<div class="elementor-widget-container">
									<p><strong>FOUR MODULAIRE STATIQUE À SOLES</strong></p><ul><li>pour plaques 40&#215;60 ou 46&#215;66</li><li>alimenté électriquement</li><li>capacité : 6 plaques disposées l’une à côté de l’autre dans la chambre</li></ul><p class="p1"><strong>COMPOSABLE :</strong></p><p><strong>La caractéristique principale des fours modulaires est la possibilité de reconfigurer leur structure en fonction des besoins.<br /></strong><br />À ce propos, il est possible de composer le four comme ci-dessous:</p><ul><li class="li1"><b></b>Nombre <strong>d’étages installés (de 1 à 4)</strong></li><li class="li1"><b></b><strong>Hauteur utile</strong> de l’étage (18 ou 23 cm)</li><li class="li1">Une<strong> étuve de fermentation</strong> ou un <strong>support porte-plaques</strong></li><li>Une <strong>hotte aspirante </strong>ou<strong> non aspirante</strong></li><li class="li1"><b></b>Un <strong>appareil à buée</strong> pour un ou plusieurs étages</li></ul>								</div>
				</div>
				</div>
					</div>
				</div>
				</div>

<p>FOUR MODULAIRE STATIQUE À SOLES pour plaques 40&#215;60 ou 46&#215;66 alimenté électriquement capacité : 6 plaques disposées l’une à côté de l’autre dans la chambre COMPOSABLE : La caractéristique principale des fours modulaires est la possibilité de reconfigurer leur structure en fonction des besoins.À ce propos, il est possible de composer le four comme ci-dessous: Nombre d’étages&#8230;</p>
