{"id":8868,"date":"2025-02-19T16:44:57","date_gmt":"2025-02-19T16:44:57","guid":{"rendered":"https:\/\/www.zucchelliforni.it\/Products\/statico-ciclotermico-modello-ct-ct7\/"},"modified":"2025-05-15T12:40:38","modified_gmt":"2025-05-15T12:40:38","slug":"statico-ciclotermico-modello-ct-ct7","status":"publish","type":"product","link":"https:\/\/www.zucchelliforni.it\/fr\/Products\/statico-ciclotermico-modello-ct-ct7\/","title":{"rendered":"Mod\u00e8le cyclothermique CT 7"},"content":{"rendered":"\t\t<div data-elementor-type=\"product-post\" data-elementor-id=\"8868\" class=\"elementor elementor-8868 elementor-2196\" data-elementor-post-type=\"product\">\n\t\t\t\t<div class=\"elementor-element elementor-element-61200c38 e-flex e-con-boxed e-con e-parent\" data-id=\"61200c38\" data-element_type=\"container\">\n\t\t\t\t\t<div class=\"e-con-inner\">\n\t\t<div class=\"elementor-element elementor-element-da54638 e-con-full e-flex e-con e-child\" data-id=\"da54638\" data-element_type=\"container\">\n\t\t\t\t<div class=\"elementor-element elementor-element-556cef91 elementor-widget elementor-widget-text-editor\" data-id=\"556cef91\" data-element_type=\"widget\" data-widget_type=\"text-editor.default\">\n\t\t\t\t<div class=\"elementor-widget-container\">\n\t\t\t\t\t\t\t\t\t<p class=\"p1\"><strong>FOUR \u00c0 SOLES FIXES<\/strong><\/p><ul><li>largeur utile de l\u2019\u00e9tage : 66 cm<\/li><li>profondeur utile de l&rsquo;\u00e9tage : 139 cm (selon le mod\u00e8le choisi)<\/li><li>fonctionnement \u00e0 combustion (gaz, mazout)<\/li><li>disponible en version 4 \u00e9tages<\/li><\/ul><p><strong>Four complet avec :<\/strong><\/p><ul><li>Dalles de cuisson en fibre de verre r\u00e9fractaire<\/li><li>Appareil \u00e0 bu\u00e9e con\u00e7u pour un d\u00e9bit de vapeur important<\/li><li>Hotte aspirante motoris\u00e9e<\/li><li>Vanne manuelle pour l&rsquo;\u00e9vacuation de la vapeur exc\u00e9dentaire<\/li><li>Portes en verre tremp\u00e9<\/li><li>Fa\u00e7ade en acier inoxydable<\/li><\/ul>\t\t\t\t\t\t\t\t<\/div>\n\t\t\t\t<\/div>\n\t\t\t\t<\/div>\n\t\t\t\t\t<\/div>\n\t\t\t\t<\/div>\n\t\t\t\t<\/div>\n\t\t","protected":false},"excerpt":{"rendered":"<p>FOUR \u00c0 SOLES FIXES largeur utile de l\u2019\u00e9tage : 66 cm profondeur utile de l&rsquo;\u00e9tage : 139 cm (selon le mod\u00e8le choisi) fonctionnement \u00e0 combustion (gaz, mazout) disponible en version 4 \u00e9tages Four complet avec : Dalles de cuisson en fibre de verre r\u00e9fractaire Appareil \u00e0 bu\u00e9e con\u00e7u pour un d\u00e9bit de vapeur important Hotte&#8230;<\/p>\n","protected":false},"featured_media":8869,"comment_status":"closed","ping_status":"closed","template":"","meta":{"_bst_post_transparent":"default","_bst_post_title":"","_bst_post_layout":"default","_bst_post_sidebar_id":"","_bst_post_content_style":"default","_bst_post_vertical_padding":"default","_bst_post_feature":"","_bst_post_feature_position":"","_bst_post_header":false,"_bst_post_footer":false},"product_brand":[],"product_cat":[372,382],"product_tag":[],"product_brands":[],"class_list":{"0":"post-8868","1":"product","2":"type-product","3":"status-publish","4":"has-post-thumbnail","6":"product_cat-forni-statici-fr","7":"product_cat-ciclotermico-modello-ct-fr","8":"pa_alimentazione-gasolio-fr","9":"pa_alimentazione-gas-fr","10":"pa_alimentazione-gas-gpl-fr","12":"first","13":"instock","14":"shipping-taxable","15":"purchasable","16":"product-type-simple","17":"entry","18":"content-bg","19":"loop-entry"},"_links":{"self":[{"href":"https:\/\/www.zucchelliforni.it\/fr\/wp-json\/wp\/v2\/product\/8868","targetHints":{"allow":["GET"]}}],"collection":[{"href":"https:\/\/www.zucchelliforni.it\/fr\/wp-json\/wp\/v2\/product"}],"about":[{"href":"https:\/\/www.zucchelliforni.it\/fr\/wp-json\/wp\/v2\/types\/product"}],"replies":[{"embeddable":true,"href":"https:\/\/www.zucchelliforni.it\/fr\/wp-json\/wp\/v2\/comments?post=8868"}],"version-history":[{"count":19,"href":"https:\/\/www.zucchelliforni.it\/fr\/wp-json\/wp\/v2\/product\/8868\/revisions"}],"predecessor-version":[{"id":14050,"href":"https:\/\/www.zucchelliforni.it\/fr\/wp-json\/wp\/v2\/product\/8868\/revisions\/14050"}],"wp:featuredmedia":[{"embeddable":true,"href":"https:\/\/www.zucchelliforni.it\/fr\/wp-json\/wp\/v2\/media\/8869"}],"wp:attachment":[{"href":"https:\/\/www.zucchelliforni.it\/fr\/wp-json\/wp\/v2\/media?parent=8868"}],"wp:term":[{"taxonomy":"product_brand","embeddable":true,"href":"https:\/\/www.zucchelliforni.it\/fr\/wp-json\/wp\/v2\/product_brand?post=8868"},{"taxonomy":"product_cat","embeddable":true,"href":"https:\/\/www.zucchelliforni.it\/fr\/wp-json\/wp\/v2\/product_cat?post=8868"},{"taxonomy":"product_tag","embeddable":true,"href":"https:\/\/www.zucchelliforni.it\/fr\/wp-json\/wp\/v2\/product_tag?post=8868"},{"taxonomy":"product_brands","embeddable":true,"href":"https:\/\/www.zucchelliforni.it\/fr\/wp-json\/wp\/v2\/product_brands?post=8868"}],"curies":[{"name":"wp","href":"https:\/\/api.w.org\/{rel}","templated":true}]}}

Modèle cyclothermique CT 7

<div data-elementor-type="product-post" data-elementor-id="8868" class="elementor elementor-8868 elementor-2196" data-elementor-post-type="product">
				<div class="elementor-element elementor-element-61200c38 e-flex e-con-boxed e-con e-parent" data-id="61200c38" data-element_type="container">
					<div class="e-con-inner">
		<div class="elementor-element elementor-element-da54638 e-con-full e-flex e-con e-child" data-id="da54638" data-element_type="container">
				<div class="elementor-element elementor-element-556cef91 elementor-widget elementor-widget-text-editor" data-id="556cef91" data-element_type="widget" data-widget_type="text-editor.default">
				<div class="elementor-widget-container">
									<p class="p1"><strong>FOUR À SOLES FIXES</strong></p><ul><li>largeur utile de l’étage : 66 cm</li><li>profondeur utile de l&rsquo;étage : 139 cm (selon le modèle choisi)</li><li>fonctionnement à combustion (gaz, mazout)</li><li>disponible en version 4 étages</li></ul><p><strong>Four complet avec :</strong></p><ul><li>Dalles de cuisson en fibre de verre réfractaire</li><li>Appareil à buée conçu pour un débit de vapeur important</li><li>Hotte aspirante motorisée</li><li>Vanne manuelle pour l&rsquo;évacuation de la vapeur excédentaire</li><li>Portes en verre trempé</li><li>Façade en acier inoxydable</li></ul>								</div>
				</div>
				</div>
					</div>
				</div>
				</div>

<p>FOUR À SOLES FIXES largeur utile de l’étage : 66 cm profondeur utile de l&rsquo;étage : 139 cm (selon le modèle choisi) fonctionnement à combustion (gaz, mazout) disponible en version 4 étages Four complet avec : Dalles de cuisson en fibre de verre réfractaire Appareil à buée conçu pour un débit de vapeur important Hotte&#8230;</p>
