{"id":13156,"date":"2025-02-17T07:50:37","date_gmt":"2025-02-17T07:50:37","guid":{"rendered":"https:\/\/www.zucchelliforni.it\/Products\/electrique-el-07\/"},"modified":"2025-07-10T00:03:34","modified_gmt":"2025-07-10T00:03:34","slug":"electrique-el-07","status":"publish","type":"product","link":"https:\/\/www.zucchelliforni.it\/fr\/Products\/electrique-el-07\/","title":{"rendered":"\u00c9lectrique EL.07"},"content":{"rendered":"\t\t<div data-elementor-type=\"product-post\" data-elementor-id=\"13156\" class=\"elementor elementor-13156 elementor-1942\" data-elementor-post-type=\"product\">\n\t\t\t\t<div class=\"elementor-element elementor-element-61200c38 e-flex e-con-boxed e-con e-parent\" data-id=\"61200c38\" data-element_type=\"container\">\n\t\t\t\t\t<div class=\"e-con-inner\">\n\t\t<div class=\"elementor-element elementor-element-da54638 e-con-full e-flex e-con e-child\" data-id=\"da54638\" data-element_type=\"container\">\n\t\t\t\t<div class=\"elementor-element elementor-element-556cef91 elementor-widget elementor-widget-text-editor\" data-id=\"556cef91\" data-element_type=\"widget\" data-widget_type=\"text-editor.default\">\n\t\t\t\t<div class=\"elementor-widget-container\">\n\t\t\t\t\t\t\t\t\t<p><strong>FOUR STATIQUE \u00c0 SOLE FIXE<\/strong><\/p><ul><li>largeur utile de l&rsquo;\u00e9tage : 70 cm<\/li><li>profondeur utile de l&rsquo;\u00e9tage : 120\/160 cm (selon le mod\u00e8le choisi)<\/li><li>aliment\u00e9 \u00e9lectriquement\u00a0<\/li><li>disponible en version 3 ou 4 \u00e9tages<\/li><\/ul><p><strong>Four complet avec :<\/strong><\/p><ul><li>\u00c9tages ind\u00e9pendants<\/li><li>\u00c9tage sup\u00e9rieure avec hauteur utile de 23 cm<\/li><li>Dalles de cuisson en fibre de verre r\u00e9fractaire<\/li><li>R\u00e9sistances blind\u00e9es haute performance<\/li><li>Contr\u00f4leur \u00e9lectronique num\u00e9rique \u00e0 microprocesseur<\/li><li>Economiseur et allumage programmable<\/li><li>Nouvel appareil \u00e0 bu\u00e9e dimensionn\u00e9 pour un d\u00e9bit de vapeur abondant<\/li><li>Hotte aspirante motoris\u00e9e<\/li><li>Vanne manuelle pour l&rsquo;\u00e9vacuation de la vapeur exc\u00e9dentaire<\/li><li>Portes en verre tremp\u00e9<\/li><li>Fa\u00e7ade en acier inoxydable<\/li><\/ul>\t\t\t\t\t\t\t\t<\/div>\n\t\t\t\t<\/div>\n\t\t\t\t<\/div>\n\t\t\t\t\t<\/div>\n\t\t\t\t<\/div>\n\t\t\t\t<\/div>\n\t\t","protected":false},"excerpt":{"rendered":"<p>FOUR STATIQUE \u00c0 SOLE FIXE largeur utile de l&rsquo;\u00e9tage : 70 cm profondeur utile de l&rsquo;\u00e9tage : 120\/160 cm (selon le mod\u00e8le choisi) aliment\u00e9 \u00e9lectriquement\u00a0 disponible en version 3 ou 4 \u00e9tages Four complet avec : \u00c9tages ind\u00e9pendants \u00c9tage sup\u00e9rieure avec hauteur utile de 23 cm Dalles de cuisson en fibre de verre r\u00e9fractaire R\u00e9sistances&#8230;<\/p>\n","protected":false},"featured_media":14410,"comment_status":"closed","ping_status":"closed","template":"","meta":{"_bst_post_transparent":"default","_bst_post_title":"","_bst_post_layout":"default","_bst_post_sidebar_id":"","_bst_post_content_style":"default","_bst_post_vertical_padding":"default","_bst_post_feature":"","_bst_post_feature_position":"","_bst_post_header":false,"_bst_post_footer":false},"product_brand":[],"product_cat":[371,372],"product_tag":[],"product_brands":[],"class_list":{"0":"post-13156","1":"product","2":"type-product","3":"status-publish","4":"has-post-thumbnail","6":"product_cat-forno-elettrico-fr","7":"product_cat-forni-statici-fr","8":"pa_alimentazione-energia-elettrica-fr","9":"pa_larghezza-utile-camera-72-cm-fr","10":"pa_superficie-di-cottura-da-34-a-42-m-3-camere-da-45-a-56-m-4-camere-fr","12":"first","13":"instock","14":"shipping-taxable","15":"purchasable","16":"product-type-variable","17":"entry","18":"content-bg","19":"loop-entry"},"_links":{"self":[{"href":"https:\/\/www.zucchelliforni.it\/fr\/wp-json\/wp\/v2\/product\/13156","targetHints":{"allow":["GET"]}}],"collection":[{"href":"https:\/\/www.zucchelliforni.it\/fr\/wp-json\/wp\/v2\/product"}],"about":[{"href":"https:\/\/www.zucchelliforni.it\/fr\/wp-json\/wp\/v2\/types\/product"}],"replies":[{"embeddable":true,"href":"https:\/\/www.zucchelliforni.it\/fr\/wp-json\/wp\/v2\/comments?post=13156"}],"version-history":[{"count":5,"href":"https:\/\/www.zucchelliforni.it\/fr\/wp-json\/wp\/v2\/product\/13156\/revisions"}],"predecessor-version":[{"id":14061,"href":"https:\/\/www.zucchelliforni.it\/fr\/wp-json\/wp\/v2\/product\/13156\/revisions\/14061"}],"wp:featuredmedia":[{"embeddable":true,"href":"https:\/\/www.zucchelliforni.it\/fr\/wp-json\/wp\/v2\/media\/14410"}],"wp:attachment":[{"href":"https:\/\/www.zucchelliforni.it\/fr\/wp-json\/wp\/v2\/media?parent=13156"}],"wp:term":[{"taxonomy":"product_brand","embeddable":true,"href":"https:\/\/www.zucchelliforni.it\/fr\/wp-json\/wp\/v2\/product_brand?post=13156"},{"taxonomy":"product_cat","embeddable":true,"href":"https:\/\/www.zucchelliforni.it\/fr\/wp-json\/wp\/v2\/product_cat?post=13156"},{"taxonomy":"product_tag","embeddable":true,"href":"https:\/\/www.zucchelliforni.it\/fr\/wp-json\/wp\/v2\/product_tag?post=13156"},{"taxonomy":"product_brands","embeddable":true,"href":"https:\/\/www.zucchelliforni.it\/fr\/wp-json\/wp\/v2\/product_brands?post=13156"}],"curies":[{"name":"wp","href":"https:\/\/api.w.org\/{rel}","templated":true}]}}

Électrique EL.07

<div data-elementor-type="product-post" data-elementor-id="13156" class="elementor elementor-13156 elementor-1942" data-elementor-post-type="product">
				<div class="elementor-element elementor-element-61200c38 e-flex e-con-boxed e-con e-parent" data-id="61200c38" data-element_type="container">
					<div class="e-con-inner">
		<div class="elementor-element elementor-element-da54638 e-con-full e-flex e-con e-child" data-id="da54638" data-element_type="container">
				<div class="elementor-element elementor-element-556cef91 elementor-widget elementor-widget-text-editor" data-id="556cef91" data-element_type="widget" data-widget_type="text-editor.default">
				<div class="elementor-widget-container">
									<p><strong>FOUR STATIQUE À SOLE FIXE</strong></p><ul><li>largeur utile de l&rsquo;étage : 70 cm</li><li>profondeur utile de l&rsquo;étage : 120/160 cm (selon le modèle choisi)</li><li>alimenté électriquement </li><li>disponible en version 3 ou 4 étages</li></ul><p><strong>Four complet avec :</strong></p><ul><li>Étages indépendants</li><li>Étage supérieure avec hauteur utile de 23 cm</li><li>Dalles de cuisson en fibre de verre réfractaire</li><li>Résistances blindées haute performance</li><li>Contrôleur électronique numérique à microprocesseur</li><li>Economiseur et allumage programmable</li><li>Nouvel appareil à buée dimensionné pour un débit de vapeur abondant</li><li>Hotte aspirante motorisée</li><li>Vanne manuelle pour l&rsquo;évacuation de la vapeur excédentaire</li><li>Portes en verre trempé</li><li>Façade en acier inoxydable</li></ul>								</div>
				</div>
				</div>
					</div>
				</div>
				</div>

<p>FOUR STATIQUE À SOLE FIXE largeur utile de l&rsquo;étage : 70 cm profondeur utile de l&rsquo;étage : 120/160 cm (selon le modèle choisi) alimenté électriquement  disponible en version 3 ou 4 étages Four complet avec : Étages indépendants Étage supérieure avec hauteur utile de 23 cm Dalles de cuisson en fibre de verre réfractaire Résistances&#8230;</p>
